of t?
8
Suppose 0 = 4*h - 0*h - 8. Suppose -m - h*m = -9. Suppose 16 + m = d. What is the tens digit of d?
1
Suppose 0 = -20*v + 17302 - 2162. What is the tens digit of v?
5
Let b = -2244 - -2690. What is the tens digit of b?
4
Suppose -36*c + 3*c + 24948 = 0. What is the units digit of c?
6
Let s = 380 - -19. What is the hundreds digit of s?
3
Let x be (-1 + 0)*23/(-23). What is the tens digit of (x/(-3))/(1 + 2270/(-2265))?
5
Suppose -r = -5*k - 38, -38 = -r + k - 2*k. Suppose -r*u + 43*u - 150 = 0. What is the tens digit of u?
3
Suppose -5*s = -5*v + 4*v + 228, -v - 4*s = -219. Suppose 5*i - v - 47 = 0. What is the units digit of i?
4
Suppose 2 = -2*l, -t - 5*l - 1 = t. What is the tens digit of -4*t/4*-19?
3
Let l be 0/(-1) + (3 - 1). Suppose 2*h + l = -2. What is the tens digit of 19 + 2*(-1)/h?
2
Let v(y) = -y**2 - 11*y + 2. Let c be v(-9). Let w = c - 15. Let a(p) = 3*p**2 - 6*p - 4. What is the units digit of a(w)?
1
Let g(x) be the first derivative of x**4/4 + 5*x**3/3 - 9*x**2/2 - 2*x - 1. What is the tens digit of g(-6)?
1
Let a(i) = -2*i**3 - 4*i**2 - 5*i - 9. Suppose -4*o + 2*p - 24 = 0, -4*p + 26 - 2 = -2*o. What is the units digit of a(o)?
5
Suppose g - 6 + 21 = 0. What is the tens digit of ((-264)/(-18))/((-2)/g)?
1
Suppose 0 = -7*s + 2*s + 205. Suppose s = i - 82. What is the tens digit of i?
2
Let c = -10 + 14. Suppose 5 = -d - c. Let q = d - -25. What is the units digit of q?
6
What is the hundreds digit of 6 + -13 - (-5 - 365)?
3
Let v(q) = -136*q + 15. What is the hundreds digit of v(-3)?
4
Let h(x) = x + 191. Let a be (2 + 1 + -3)/(-2). What is the units digit of h(a)?
1
Let j be 9*1/(-12)*-4. Suppose -7*z + j*z = 0. Suppose 4*u - 7*u + 23 = -2*n, u - 3*n - 3 = z. What is the units digit of u?
9
Suppose 3*d - 2 = 2*d. Let u(t) = -t + t**2 + 0*t**d + 0*t**2 + 2. What is the tens digit of u(5)?
2
Let o(q) be the first derivative of 13*q**3/3 - 5*q**2/2 - 4*q - 8. What is the hundreds digit of o(-3)?
1
Let o(l) = -2*l + 12. Let d = -3 + 8. Let u be o(d). Suppose u*z = 5*z - 75. What is the tens digit of z?
2
Suppose 2 = -g + 7. Suppose g*a - 3*a + 126 = 0. What is the tens digit of (12/(-7))/(6/a)?
1
Let g(s) = -s - 1. Suppose 0 = -p - 4*u - 11, -3*u + 11 + 21 = -5*p. Let m be g(p). What is the tens digit of 171/m + 2/(-4)?
2
Let m = -109 - -251. What is the units digit of m?
2
Let i(d) be the first derivative of -17*d**2/2 - 9*d + 7. Let z be i(-6). Suppose 6*w = 3*w + z. What is the units digit of w?
1
Suppose -4*m + 14 - 2 = 0. Suppose -2*s = o - 11, -m*o - s + 35 = -8. What is the tens digit of o?
1
Let t = 22 + 103. Suppose -5*u + 0*u = -5*o - 150, o - t = -4*u. What is the units digit of u?
1
Suppose -8*i - 224 = -1088. What is the hundreds digit of i?
1
Let a(i) = 5*i**2 - 27*i - 32. What is the hundreds digit of a(12)?
3
Let l be (-15)/20 - 53/4. What is the tens digit of 7/((-7)/4)*l?
5
Suppose -2*t - 3*a - 91 = 0, 4*a + 6 = 3*t + 100. Let m be 2/(115/57*2 + -4). Let s = t + m. What is the units digit of s?
9
Let p(y) = -1 - 17*y + 1 - 2. Let h be -3 + 1/(0 + 1). What is the tens digit of p(h)?
3
Let l = -132 - -134. Let w be 1 - (2 - 3)/(-1). Suppose w = -l*z - 2*z + 48. What is the tens digit of z?
1
Suppose 7*k + 0*k = 15127. What is the tens digit of k?
6
Let w = 60 - -72. Suppose -4*l - 20 = 0, 5*l - w = -2*f + 99. What is the units digit of f?
8
Let j be (0 + -1)/((-3)/204). Suppose 13*u = 9*u + j. What is the units digit of u?
7
Let m(z) = 15*z**3 - z**2 + z + 1. Let y be m(-1). Let k(q) = 30*q + 7. Let i be k(-2). Let j = y - i. What is the tens digit of j?
3
Suppose -4*c + 0*c = 5*t - 20111, 5*t - 20075 = 5*c. What is the units digit of t?
9
What is the units digit of (-1872)/(-4) - ((-6)/6 - -2)?
7
Suppose -2*q + 4*q = 14. Let c be 0 + 0 + q/(-7). Let o(w) = -w**2 - 3*w - 1. What is the units digit of o(c)?
1
Let n be 3/15*27 - (-6)/(-15). Suppose 8*w = n*w + 51. What is the tens digit of w?
1
Let r = 7 - 3. Suppose 3 = -r*z + 5*z. Suppose 0 = h - o - 6, z*o - 8 = 5*o. What is the units digit of h?
2
Let i(n) = n**3 - 3*n**2 + 3*n - 4. Let x be i(2). What is the units digit of 4/(-8) + (-245)/x?
2
Suppose 1786 = n + 3*g, -28*n - 2*g = -30*n + 3588. What is the thousands digit of n?
1
Let a(f) = 3*f**2 + 10*f + 20. Let z(v) = 16*v**2 + 51*v + 100. Let h(p) = 11*a(p) - 2*z(p). What is the units digit of h(-5)?
5
Let l(x) = 4*x + 22. Let i be l(-5). Suppose 4*d - 35 = 5*a + 83, i*d + 2*a = 50. What is the units digit of d?
7
Let a(q) = -13*q**2 - q**3 - 2 + 18*q**2 + 3*q - 7*q**2. What is the tens digit of a(-4)?
1
Let q(y) = y + 138. What is the units digit of q(-27)?
1
Suppose -5*m + 8021 = n - 6464, -3*m = 5*n - 8713. What is the hundreds digit of m?
8
Let l(u) = -u**3 - 2*u**2 - 2*u - 1. Let s be l(-1). Suppose s = -o + 3*o + 48. Let g = -14 - o. What is the tens digit of g?
1
Suppose 4*l + 47 = q - 0*l, 3*q = -l + 115. Let d = q + -19. Suppose -d = -13*b + 12*b. What is the tens digit of b?
2
Suppose -8*s + 3*s + 5*b + 4765 = 0, -2*b + 1898 = 2*s. What is the units digit of s?
1
Suppose 2*m = -5*x - 3*m + 90, 0 = 2*m - 2. Suppose -y + x = -18. Suppose 30 + y = 5*v. What is the units digit of v?
3
Let m(l) = -13*l - 9*l + 3*l - 19*l. Let k be m(-5). What is the tens digit of (k/(-25))/(2/(-5))?
1
Suppose 596 = 8*d - 1180. What is the hundreds digit of d?
2
Let g be 140/6 + 2/3. Suppose -4*q - 3*q - 91 = 0. Let j = q + g. What is the tens digit of j?
1
Suppose 0 = -u + 4 + 8. Let q = u - -46. What is the tens digit of q?
5
Let y = 11 - 15. Let u be (-12)/8 - 26/y. Suppose 121 = 4*h - u*c, -3*c + c - 34 = -h. What is the tens digit of h?
2
Suppose 0 = -5*x, k - 4*x - 120 = 208. Suppose -k - 528 = -8*i. What is the tens digit of i?
0
What is the thousands digit of (15*-34)/((-6)/20)?
1
Let b be (-3 + 19)/4 + -22. Let s = 7 + b. Let y = 51 + s. What is the units digit of y?
0
Let v(t) = 5*t**2 + 21*t. What is the units digit of v(-16)?
4
What is the units digit of 1111/(-1)*(-3)/6*2?
1
Let a = -70 + 70. Suppose -7*t + 622 + 1079 = a. What is the units digit of t?
3
Let j(t) = -t**2 + 15*t + 4. Let q be j(15). Suppose -v + 2*m - 5 = 0, v + q*m + 6 + 5 = 0. What is the units digit of v*(-9)/(0 + 1)?
3
Let k(q) = -q - 6. Let f be k(5). Let l be (-1)/3*(-33)/f. What is the tens digit of (l - 2)*26/(-6)?
1
Suppose 0 = -3*p + 2*k + 26, 18 = 5*p - 3*k - 26. Let j = 0 + 6. Suppose 180 = -j*l + p*l. What is the units digit of l?
5
What is the thousands digit of (-30)/6 + 9993/3?
3
Let t = 2812 - 1997. What is the units digit of t?
5
Suppose -5*d - 10 = 0, 3*b + 5*d = -2 + 1. Suppose -b*k + 0*k = -213. What is the tens digit of k?
7
Let y(c) = -3*c**2 - 117*c + 19. What is the tens digit of y(-35)?
3
Let l = -844 + 911. What is the tens digit of l?
6
Let w be 4/22 + (-40)/(-22). Suppose 0 = -w*i - 3*i + 2*t + 107, 4*i = 4*t + 76. What is the tens digit of i?
2
Let q = -181 + 309. What is the hundreds digit of q?
1
Let h be (-65)/(-13) - (3 - (0 + 1)). What is the hundreds digit of (-9)/h + -2 + 204?
1
Let x(a) = 2*a - 15*a**3 - 2 + 14*a**3 + 5*a**2 + 3. Let b be x(6). Let g = -2 - b. What is the units digit of g?
1
Suppose -2*i + 6*i + 56 = 0. Suppose 132*a - 107*a = 0. Let v = a - i. What is the tens digit of v?
1
Let b = 61 - 113. Let o = b - -135. What is the tens digit of o?
8
Suppose -52*r + 60*r = 12608. What is the units digit of r?
6
Let u(q) = 241*q + 470. What is the units digit of u(8)?
8
Let k(o) = 8*o - 1. Suppose -2*u + 13 - 1 = 0. Suppose 4*n + u = 6*n. What is the units digit of k(n)?
3
Suppose 1229 = 6*f + 401. What is the units digit of f?
8
Let m = -515 - -1672. What is the hundreds digit of m?
1
Suppose 0*g + g = 0. Suppose g = 7*u - 6*u - 16. What is the units digit of u?
6
Let f(l) = -2*l**2 - 2*l - 2. Let x be f(-1). What is the units digit of (-1)/(1*x/6)?
3
Let r = -28 - -25. Let z be (1*r)/(12/(-16)). What is the tens digit of 264/z*6/9?
4
Suppose 2*p - 13 = 5*y, -2*p = 2*y - 2 - 4. Suppose 153 = p*i - 263. Let r = -69 + i. What is the tens digit of r?
3
Let v = -146 - -389. What is the tens digit of v?
4
Suppose 0 = -8*o - 22 - 2. What is the tens digit of o - (-3 - -4) - -72?
6
Let u(x) be the third derivative of 0 - 1/24*x**4 + 1/120*x**6 + 1/10*x**5 + 9*x**2 + 0*x - x**3. What is the 